, 18 - 2 = -4*o. Suppose 2*m + b - 6415 = -h*m, m - 1283 = -4*b. Is m prime?
True
Let x be 805*-12*(-3)/(-42). Let t = x + 3157. Is t a prime number?
True
Let r(x) = 123*x**3 - 2*x**2 + x + 9. Let b be r(-7). Let j be (-472)/48 - (-3)/(-18). Is 6/9*b/j a composite number?
False
Suppose 0 = -373*y + 191242652 + 49469541. Is y prime?
False
Let c(o) = 456317*o**3 - 10*o**2 - 3*o + 3. Is c(1) prime?
False
Let d(k) = -k**3 + 11*k**2 - 12*k + 24. Let p be d(10). Suppose 5*r - p = 3*r. Suppose -2*a - 3*m + 1077 = -4*m, 0 = -a + r*m + 531. Is a prime?
True
Let x = 37723 - 19262. Is x a composite number?
False
Is 576828 + (-27 - -12) + 14 composite?
True
Let n = 335 + -330. Suppose 4*v - 2*v = r - 329, -n*v = -2*r + 657. Is r a composite number?
False
Suppose 0 = -i - 2*i + 9. Let m = -385 - -388. Suppose g = m*z + 650, 3*g + i*z - z = 1895. Is g composite?
True
Let b = -101 + 105. Suppose -4*t - 7*c + 3*c = -35756, 2*t + b*c = 17878. Is t composite?
True
Is 2/6*(114767 - 320) prime?
True
Suppose 0 = -5*d + 4721 + 5619. Suppose -h - y = -d, -y - 710 = 5*h - 11042. Is h composite?
True
Let d = -28960 - -41805. Suppose 3*r - 2795 + d = -2*k, -k - 6700 = 2*r. Is ((-1)/2)/(5/r) prime?
False
Let p be -1 - 2 - (-3 + 0 - 4). Suppose q - p*y = -14, q + 16 = -5*y + 38. Suppose q*z - 368 = 6. Is z composite?
True
Let v(r) be the first derivative of -r**3/3 - r**2/2 - 9. Let p be v(-1). Suppose 4*b - 494 - 138 = p. Is b prime?
False
Suppose -10*c + 2061210 = 20*c. Suppose -c - 10339 = -22*u. Is u prime?
True
Let q(f) = -383 + 802 - 398 - 23*f**2 - 58*f + f**3. Is q(26) composite?
False
Suppose -4*n + 0*x + 24 = -4*x, 3*x + 3 = -2*n. Suppose -2*c - n*c = 5. Is (-8855)/(-44) - c/(-4) prime?
False
Let h(z) = -665*z**3 + z**2 - 1. Let n be h(-1). Suppose 3*x - n = r, 4*x + 0*x = 5*r + 883. Suppose -5*o = -2*o - x. Is o a composite number?
True
Suppose -5*u + 192 = 3*u. Suppose -3*l = -3*x - u, 4*l - 3*x - 22 = 11. Suppose 11*m - 754 = l*m. Is m a prime number?
False
Let h = 187 + -111. Let s = -73 + h. Suppose -s*r - 2287 + 6964 = 0. Is r a composite number?
False
Let m(q) = -13*q**2 + 17*q + 27. Let f be m(14). Let j = 4842 + f. Is j prime?
False
Let w(f) = 2*f + 117. Let g be w(-35). Suppose 0 = 51*l - g*l - 158164. Is l prime?
True
Let m = -301493 - -533590. Is m composite?
True
Let x(g) = -288*g + 11. Let c be x(4). Let f = -2618 - c. Let h = f - -2175. Is h a composite number?
True
Is (-1018452)/(-60) - 12/10 a prime number?
False
Let m = -40 + 38. Let q be ((-12)/10)/(3/(-10)). Is (0 - m/q)/((-23)/(-48806)) composite?
False
Suppose -r + 4*k = -8, 5*r - k - 44 - 34 = 0. Suppose i + r = 18. Suppose 3*w + i*w = 4*p - 211, 2*w - 10 = 0. Is p a prime number?
True
Let r(k) = 99*k**3 - 9*k**2 - 40*k + 45. Is r(7) a prime number?
False
Let g be (-4)/(-30) + 704/(-330) + -10. Is (-176720)/(-24) - (-4)/g prime?
False
Suppose 14 = j + 3. Let c(i) = 12 + 1 + 20*i**2 + 9*i - j*i**2. Is c(-7) a composite number?
True
Is ((-12)/24)/(8/(-409936)) prime?
True
Let s = -3187 + 5600. Is s a composite number?
True
Is (-10)/40*18740*(8/(-5) - -1) a prime number?
False
Suppose w + 2*w = 0. Suppose 11*b - 11197 - 13564 = w. Let x = b + -328. Is x a composite number?
True
Is (1 - -60946)/(-39 - -40) composite?
True
Let i(v) = 1281*v**2 - 9*v - 17. Let t be i(-3). Suppose 13*s - 24*s = -t. Is s prime?
True
Is 1610187/33 + (-522)/957 prime?
False
Let d = 72 - 117. Is ((-233)/(-1))/(46 + d) a composite number?
False
Let f be (1 + -2)*0*1. Suppose 22 = 3*l + 2*t, -4*l + t + f*t = -33. Is 2642/l - (-15)/20 composite?
False
Suppose 130*t - 154*t = -407976. Is t a composite number?
True
Suppose -180*u = 5*k - 181*u - 607595, 3*k + 5*u = 364557. Is k composite?
True
Suppose 3*r - 3*h - 159142 - 103019 = 0, 3*h = 4*r - 349546. Is r composite?
True
Let q = -52230 - -75469. Is q a prime number?
False
Let r(j) = j + 60. Let s be r(-10). Suppose s*k + 87215 = 55*k. Is k a composite number?
False
Suppose 4*v + 36 = -4*x, 0 = -14*v + 13*v + 5*x - 3. Let h(j) = 4*j**2 - 4*j + 19. Is h(v) a prime number?
True
Is (-14)/18 - -1 - (-1349652)/108 composite?
False
Suppose 99 = -5*j - 191. Let h = j - -24. Let u = h + 201. Is u prime?
True
Let r = 598 + -1118. Let s = 805 + r. Suppose -4*k + 5*i + 228 = -0*k, -5*k = -5*i - s. Is k a prime number?
False
Let z = -159 - -104. Let o = z + 53. Is o*-1*-1814*(-1)/2 a prime number?
False
Is 3*79/2*((-5536)/(-12) + 6) composite?
True
Is (0 - (-2)/6)/(-16 - (-30365862)/1897866) composite?
False
Suppose 4*c = -2*p - 6, -p + 0 = -5*c - 18. Suppose 5*b + 5 = 0, -2*a + 3*b = -0*b - p. Suppose -991 = -a*t - t. Is t a composite number?
False
Suppose 39*t + 49*t = 15213998 + 20380506. Is t a composite number?
False
Let j be -12 + 14892 + (1 + 0 - 4). Let o = j - -3740. Is o composite?
False
Suppose 2*m + 31 = -3*b, -m = 4*b - 8*b - 23. Let c(a) = -5*a**3 + 9*a**2 - 5*a - 12. Is c(b) a composite number?
False
Let l(q) = -131*q + 11. Suppose -2*w + 0*w = 14. Let c(v) = 65*v - 6. Let y(f) = w*c(f) - 3*l(f). Is y(-7) a composite number?
False
Suppose -740 = v - 88. Let f be v/(-16) - (7/4 - 1). Suppose -2 = -3*y + 7, -x + f = -5*y. Is x prime?
False
Is (42/15 + -3)*(-105)/63*7239 prime?
False
Suppose 77*a - 21936770 = -7004391. Is a a prime number?
False
Suppose 451 = -15*d - 929. Let a = d - -95. Suppose 0 = a*w - 25 - 2. Is w a prime number?
False
Let s(a) = 15*a**2 + 44*a - 85. Let o be s(35). Suppose -3*r + 12398 = -p - o, 42984 = 4*r - 4*p. Is r a composite number?
True
Suppose 3*k + 2282 = 10142. Let y = -1298 + k. Suppose 5*b + 0*c - 5*c = 1645, 4*b = c + y. Is b a composite number?
False
Let g = 3111 + 1198. Suppose g - 11623 = -6*m. Is m a prime number?
False
Suppose 1264541 + 692043 = 56*c. Is c composite?
False
Suppose 5*m + 2077880 = 3*u + 18636453, -23182003 = -7*m + 4*u. Is m prime?
True
Suppose 3*f - 2 = -2*s, -52*f + 4 = -50*f. Suppose -46160 = -3*l + 6670. Is s/((-3)/(-15) - 3542/l) a prime number?
False
Let r(b) = -1081620*b - 1663. Is r(-1) a prime number?
True
Suppose -128*r = -7487321 - 7430183. Is r a prime number?
False
Let i = 155963 - 107580. Is i a composite number?
False
Let j = 2906710 - 1829651. Is j a composite number?
False
Suppose -4*l = -3*x - 1701193, -2*l - 276249 = 5*x - 1126852. Is l a composite number?
True
Let y be 1*(1208180/28 + (-4)/14). Let b = y + -24202. Is b prime?
True
Let s(r) = 23*r**2 + 26*r - 6. Let d be s(-6). Let g be 299/2 - (-13)/(-26). Let h = d - g. Is h a composite number?
True
Suppose 2*q - 6*q + 4*l + 12680 = 0, 0 = -4*q - l + 12690. Suppose -50 = 4*u - 30, -3*u = -5*h - 9590. Let g = q - h. Is g prime?
False
Let v(w) = 4*w**3 + w**2 + 2*w. Let o be v(-5). Suppose 4*y - 4416 = y + 5*i, -4*i - 4413 = -3*y. Let r = y + o. Is r prime?
False
Suppose 4*l - 28 = -3*r, -4*r = -l + 4*l - 28. Is (-145783)/(-58)*l/2 composite?
True
Let h(q) = 10893*q + 2456. Is h(5) a prime number?
True
Let l = 1257 + 113932. Is l a composite number?
True
Let h(c) = 57160*c**2 - 156*c - 305. Is h(-2) prime?
True
Let l(b) = 1192*b**2 - 4*b + 5. Let d = -56 - -57. Is l(d) prime?
True
Let l(q) = 214*q**2 - 67*q + 306. Is l(21) a prime number?
False
Let q(d) be the third derivative of d**6/120 + 23*d**5/60 + 5*d**4/12 - 3*d**3/2 - 9*d**2 - 2*d. Is q(-20) composite?
False
Let l(q) be the first derivative of 61*q**4/8 + 4*q**3/3 - 17*q**2/2 + 39. Let i(a) be the second derivative of l(a). Is i(3) a prime number?
True
Suppose 2*a + 1566 = a + 4*m, 5*a = -3*m - 7853. Let c = -1762 + 4413. Let l = a + c. Is l composite?
True
Let i(b) = 10 + 8 + 15*b**2 - 5*b**3 - 14*b + 40*b**3 + 21 + 50. Is i(7) composite?
True
Let b(u) = u**3 + 6*u**2 - 13*u - 38. Let s be b(-7). Let p(q) = 89*q**2 - 19*q + 13. Is p(s) prime?
True
Suppose 2300 = 3*c - p, 4*c = -0*p - p + 3055. Suppose -28*z - 572 = -15*z. Let r = c - z. Is r composite?
False
Let l(j) = -j**3 + j**2 + 4*j + 71. Let t be l(0). Suppose 3*d - 471 = -66*h + t*h, d + 2*h - 157 = 0. Is d a prime number?
True
Let g(a) = 4981*a + 264. Let x(l) = -7469*l - 396. Let o(n) = 8*g(n) + 5*x(n). Is o(17) prime?
True
Is (205848128/(-2736))/(4/(-18)) prime?
False
Let m(u) = 40289*u**2 + 143*u - 283. Is m(2) composite?
False
Let r = -63 + 24. Let g = 5040 + r. Is g composite?
True
Let f = 38 + 0. Suppose -2*y = 5*v -